+ 2*x + 44 = 0, 5*j - 2*x - 68 = 0. Suppose 7*m = 2*d + j*m + 12, -3*d + 2*m = -20. What is the remainder when 144 is divided by d?
0
Let w = 17023 - 16987. What is the remainder when 831 is divided by w?
3
Suppose -38*k - 28 = -34*k. Let t = k - -21. What is the remainder when 41 is divided by t?
13
Let y = 2763 - 1205. What is the remainder when y is divided by 24?
22
Let r = -280 - 197. Let d = r - -582. What is the remainder when d is divided by 16?
9
Suppose 0 = 147*j - 101*j - 1012. Let q(h) = h**2 - 8*h + 10. Let b be q(7). What is the remainder when (-164)/b*6/(-4) is divided by j?
16
Suppose o - 3 = -0. What is the remainder when (21/87)/(6/174) is divided by o?
1
Suppose 23*d - 20*d = 3*j - 2007, -j = -2*d - 668. What is the remainder when j is divided by 181?
127
Suppose -841*k + 838*k = 690. Let p = k - -244. What is the remainder when 83 is divided by p?
13
Let s = 193860 - 193784. Calculate the remainder when 2/4 - (-3627)/6 is divided by s.
73
Let q = -450 + 281. Let m = 202 + q. Calculate the remainder when 461 is divided by m.
32
Let g be (-6930)/(-25) + (-6)/30. Let k = -218 + g. What is the remainder when 176 is divided by k?
58
Calculate the remainder when ((-416)/(-3))/(48/216) is divided by 15.
9
Let p(w) = 18*w - 119. What is the remainder when p(11) is divided by (-922)/(-68)*2 + (-22)/187?
25
Let m = -1093 - -1232. Calculate the remainder when 690 is divided by m.
134
Let z = 52428 + -52382. Suppose 3*w - 19 + 61 = 0. Let o = 11 - w. What is the remainder when z is divided by o?
21
Let m = 692 - 642. Let o = -40 + m. What is the remainder when (-1)/4 - (-207)/12 is divided by o?
7
Let s(k) = 13*k + 1. Suppose 562 + 474 = 28*j. Calculate the remainder when j is divided by s(1).
9
Suppose 5*v - 4*c = 711, 26*v - 3*c + 289 = 28*v. Calculate the remainder when 463 is divided by v.
34
Let k = -4652 - -5524. Calculate the remainder when k is divided by 23.
21
Suppose -45*n = -20*n - 29*n + 80. Calculate the remainder when 1518 is divided by n.
18
Suppose -85*b + 171*b = 5934. Let k = -40 - -58. Calculate the remainder when b is divided by k.
15
Suppose 282*y + 33 + 117 = 288*y. Calculate the remainder when 149 is divided by y.
24
Suppose 0 = -8*p + 34*p - 9100. Suppose -5*z = -5*o + p, -4*z + 5 = 25. Calculate the remainder when o is divided by 17.
14
Let j(z) = -64*z + 265. Calculate the remainder when j(-8) is divided by 33.
18
Let r(h) = 5*h - 50. Let k be r(-8). What is the remainder when (-95)/2*k/75 is divided by 20?
17
Let u(n) = -3*n**3 + 23*n**2 - 4*n - 8. What is the remainder when 183 is divided by u(7)?
59
Let b = -6817 - -6849. Calculate the remainder when 353 is divided by b.
1
Suppose -3*p - 44*o = -46*o - 104, -5*o = 5. Calculate the remainder when 1222 is divided by p.
32
Let m be (-3*5)/(1/(5 - 4)). Let x = m + 26. What is the remainder when (-28)/6*(-525)/50 is divided by x?
5
Calculate the remainder when 4 - (17 + -9 - 622) is divided by 78.
72
Suppose -9*n = -21 + 156. Let h(g) = -9*g - 33. What is the remainder when h(n) is divided by 54?
48
What is the remainder when 117*(-10 - (-192)/18) is divided by 2 - 3*(-2 - 5)?
9
Let i be 1/3 + (55/15 - 0). Suppose -54 = 5*b - 2*v - 1, 0 = i*v - 16. What is the remainder when (12/b*-3 - 2) + 38 is divided by 21?
19
Let d(x) = -x**2 + 144*x - 1909. Let b be 624/10 - 2/5. Let y = b + -13. What is the remainder when y is divided by d(15)?
23
Let x(j) be the second derivative of j**4/12 + 4*j**3/3 + 5*j**2/2 - 13*j + 2. Let c be (-1)/(-2)*16*-1. What is the remainder when 17 is divided by x(c)?
2
Let d = -88 - -157. Suppose 0 = -3*h - 2*h. Suppose h*y - 3*y = -d. What is the remainder when 89 is divided by y?
20
Suppose 0 = -2*q - q - 3*x + 1713, -1107 = -2*q + 5*x. Calculate the remainder when q is divided by 19.
15
Let z(j) = 7*j - 20. Let n(s) = 8*s - 21. Let f(y) = 6*n(y) - 7*z(y). Let x be ((-6)/4)/(3/8). Calculate the remainder when 88 is divided by f(x).
16
Let c = -85 - -192. Suppose 13*a - 4*v = 15*a - 24, a - 24 = 4*v. Calculate the remainder when c is divided by a.
11
Let t = -5484 - -6703. What is the remainder when t is divided by 33?
31
Suppose -15*t + 194 = -151. Suppose -30*b = -t*b - 273. What is the remainder when b is divided by 20?
19
Suppose 117*o - 142613 = -21*o + 111445. What is the remainder when o is divided by 22?
15
Suppose 30 = 5*l - 5*b, -34*l + 4*b = -29*l - 29. Let y = -35 - -61. Suppose y = -j + h + 83, -l*j - h = -279. What is the remainder when j is divided by 19?
18
Let r(s) = 28*s**3 + 12*s**2 + 31*s - 192. What is the remainder when r(3) is divided by 12?
9
Let s = 81 - 76. Suppose 3*b = s*b - 224. What is the remainder when b is divided by 30?
22
Let s = -16832 - -16845. What is the remainder when 6055 is divided by s?
10
Let d(l) = l**3 + 6*l**2 - 8*l - 18. Let g(q) = -2*q**2 + 8*q + 1. Let u be g(7). Let a = u + 37. What is the remainder when d(a) is divided by 8?
6
Let z(t) = 42*t**3 - 2*t**2 + 4*t - 2. Suppose m = -2*y + 2 + 1, 3*y - 4*m = -1. What is the remainder when 291 is divided by z(y)?
39
Let m(u) = 2*u**2 - 6*u + u**3 + 15 + 10*u - 5*u. Let w be m(0). Suppose -w*o = -12*o - 60. What is the remainder when o is divided by 6?
2
Let z(h) = 11*h**3 - 30*h**2 + 2*h + 2. Calculate the remainder when 800 is divided by z(3).
30
Suppose -3*n = 4*h - 9, 41 = -3*h + 23. Calculate the remainder when 2116 is divided by n.
4
Let r(j) = -5*j - 27. Let k be (-3 + (-42)/(-8))*976/6. Suppose -4*m = n - 267 - k, 5*n - 780 = -5*m. Calculate the remainder when m is divided by r(-10).
21
Let x be (-3)/((-12)/208*4). Suppose z = 3*z - 92. Suppose -3*b - x = -z. What is the remainder when 30 is divided by b?
8
Suppose 34 = -5*o - 106. Let x = -16 - o. Suppose 83 = 3*b + 62. What is the remainder when x is divided by b?
5
Suppose -2*l - p = -93, 62*l + 5*p - 277 = 56*l. Let h(y) = 11*y**2 - 5*y + 4. Calculate the remainder when h(3) is divided by l.
41
Let t(o) = 0 + 5*o - 3 + 0*o**2 - o + 16*o**2 + 27*o**2. What is the remainder when t(1) is divided by 15?
14
Suppose -3*g = -5*s + 2*s + 114, 2*s = -g + 85. What is the remainder when 232 is divided by s?
27
Suppose 0 = -4*n - 12*x + 8*x + 64, -5*n + 5*x = -80. Calculate the remainder when 957 is divided by n.
13
Suppose 198*f = 158303 - 41415 + 57748. What is the remainder when f is divided by 111?
105
Let k = 323 - 315. Suppose 61*a = 56*a + 225. What is the remainder when a is divided by k?
5
Let s be 26/325 + 98/25. Suppose s*g - 140 = 172. What is the remainder when g is divided by 16?
14
Let p be (-102)/4 - (-6)/4. Suppose -111 = 5*i - 9*i - 7*l, 2*i = l + 51. What is the remainder when (-99)/(-2) + (-12)/p is divided by i?
24
Let d(j) = -j**3 + 4*j**2 + 4*j + 8. Let k be d(5). Let c be 2 + 119 + -2 + k. Suppose 6*n - 196 = c. Calculate the remainder when 105 is divided by n.
52
Suppose 0 = -423*p + 418*p + 5*k + 865, p - 2*k - 168 = 0. What is the remainder when 1576 is divided by p?
152
Let z = -92 - -134. Let c = -30 + z. Suppose 0 = -j - 3*y + 33, -3*y - 522 = 2*j - 576. Calculate the remainder when j is divided by c.
9
Let o(s) = -2*s**3 + 83*s**2 - 26*s - 265. Calculate the remainder when o(41) is divided by 140.
70
Let b be (146/(-6))/((-1)/3). Suppose 5*d = 3*w + 15, 4*d + 4*w = 9*w + 12. Suppose 5*c - b = -p - d*p, -2*c = 6. What is the remainder when p is divided by 8?
6
Let x = 3181 - 3021. Calculate the remainder when 497 is divided by x.
17
Suppose 231*f - 226*f - 10 = 0. Suppose 2*i + a - 114 = -f*a, -i - a = -57. Calculate the remainder when i is divided by 22.
13
Suppose 221 = -l + 4*l + y, -5 = 5*y. What is the remainder when 438 is divided by l?
68
Suppose -41 = -53*p + 52*p. Let t(r) = r**3 - 41*r**2 + 16*r - 30. Calculate the remainder when t(p) is divided by 57.
56
Suppose 4*q + 8 = 4*i, 2*i + 2*q + 5 = 5*i. Let o be (22 - i - 1) + 0 + -3. Let h = o - -7. Calculate the remainder when 46 is divided by h.
22
Suppose -t = -1441 + 1419. What is the remainder when (-1336)/(-32) + (-1)/(-4) is divided by t?
20
Let j = -17430 + 17482. What is the remainder when (-18)/24 + (-2067)/(-4) is divided by j?
48
Calculate the remainder when (-450832)/(-760)*(-30)/(-4) is divided by 6.
3
Calculate the remainder when 428 + -14 + 6 + -2 + 9 is divided by 19.
9
Suppose -3*r + 13